e the greatest common divisor of 943 and 621.
23
What is the highest common divisor of 4720 and 80?
80
What is the greatest common divisor of 297 and 1045?
11
What is the greatest common factor of 2946 and 21?
3
What is the highest common factor of 15240 and 48?
24
Calculate the highest common factor of 18343 and 68.
17
What is the greatest common factor of 260 and 39?
13
Calculate the highest common factor of 49 and 238.
7
What is the highest common factor of 12760 and 58?
58
What is the greatest common factor of 3982 and 44?
22
Calculate the highest common divisor of 106 and 212.
106
Calculate the greatest common divisor of 2 and 43.
1
What is the greatest common factor of 150 and 225?
75
Calculate the greatest common divisor of 407 and 33.
11
What is the greatest common divisor of 80 and 128?
16
What is the highest common factor of 2812 and 148?
148
Calculate the greatest common divisor of 68940 and 36.
36
Calculate the greatest common factor of 12 and 1788.
12
Calculate the greatest common divisor of 45 and 25.
5
Calculate the highest common factor of 261 and 29.
29
Calculate the greatest common divisor of 132 and 3.
3
What is the highest common factor of 46365 and 165?
165
What is the highest common divisor of 2140 and 90?
10
Calculate the highest common factor of 437 and 38.
19
Calculate the greatest common divisor of 9 and 909.
9
What is the greatest common divisor of 1398 and 18?
6
Calculate the greatest common factor of 2 and 26.
2
Calculate the greatest common divisor of 3073 and 7.
7
Calculate the greatest common divisor of 192 and 1856.
64
What is the greatest common divisor of 3441 and 222?
111
What is the greatest common factor of 105 and 84?
21
What is the highest common factor of 432 and 240?
48
What is the highest common divisor of 259 and 185?
37
Calculate the highest common divisor of 18 and 1125.
9
What is the greatest common divisor of 11 and 165?
11
Calculate the highest common factor of 25187 and 283.
283
What is the greatest common divisor of 1488 and 40?
8
What is the greatest common factor of 1991 and 11?
11
Calculate the greatest common divisor of 589 and 1007.
19
What is the greatest common factor of 20 and 580?
20
Calculate the greatest common divisor of 1127 and 98.
49
What is the greatest common divisor of 11 and 3080?
11
Calculate the highest common factor of 84 and 120.
12
Calculate the greatest common divisor of 14 and 1029.
7
What is the highest common divisor of 4 and 124?
4
What is the greatest common divisor of 480 and 768?
96
What is the greatest common factor of 292 and 1387?
73
What is the highest common factor of 60 and 130?
10
What is the highest common factor of 2072 and 616?
56
Calculate the greatest common factor of 150 and 66.
6
Calculate the greatest common divisor of 15 and 240.
15
What is the greatest common factor of 455 and 10?
5
Calculate the highest common divisor of 920 and 87860.
460
What is the greatest common factor of 12 and 576?
12
Calculate the greatest common divisor of 816 and 918.
102
What is the greatest common factor of 520 and 90?
10
Calculate the highest common factor of 16 and 22928.
16
What is the greatest common factor of 888 and 16?
8
Calculate the greatest common factor of 12 and 68.
4
Calculate the highest common divisor of 1558 and 19.
19
Calculate the greatest common divisor of 39 and 104.
13
Calculate the highest common divisor of 7 and 287.
7
What is the highest common divisor of 13483 and 97?
97
Calculate the greatest common factor of 55 and 3685.
55
Calculate the greatest common factor of 2586 and 2.
2
Calculate the highest common divisor of 20 and 2370.
10
What is the greatest common divisor of 368 and 128?
16
Calculate the highest common factor of 25 and 2835.
5
What is the highest common factor of 6171 and 748?
187
What is the greatest common divisor of 12 and 15?
3
What is the highest common divisor of 241 and 1?
1
What is the greatest common factor of 24 and 22728?
24
Calculate the greatest common factor of 106 and 4.
2
What is the greatest common factor of 54 and 810?
54
Calculate the highest common divisor of 11 and 2068.
11
Calculate the greatest common divisor of 322 and 46.
46
What is the greatest common factor of 217 and 63?
7
What is the highest common factor of 1271 and 31?
31
What is the greatest common divisor of 54 and 702?
54
What is the highest common factor of 2494 and 602?
86
What is the highest common factor of 99 and 121?
11
What is the greatest common factor of 40 and 25?
5
Calculate the greatest common divisor of 1280 and 16.
16
Calculate the highest common factor of 64 and 808.
8
Calculate the greatest common divisor of 1012 and 4.
4
What is the highest common factor of 15 and 305?
5
Calculate the greatest common divisor of 18 and 18.
18
What is the greatest common factor of 11571 and 231?
21
What is the highest common factor of 55 and 1639?
11
Calculate the greatest common divisor of 30 and 3765.
15
What is the greatest common divisor of 18051 and 33?
33
Calculate the greatest common divisor of 95 and 133.
19
Calculate the greatest common divisor of 129 and 41409.
129
Calculate the highest common factor of 3 and 213.
3
What is the highest common factor of 10476 and 108?
108
What is the greatest common factor of 2816 and 11?
11
Calculate the greatest common factor of 2623 and 43.
43
Calculate the highest common divisor of 133 and 76.
19
What is the greatest common factor of 2759 and 267?
89
Calculate the greatest common factor of 22 and 44.
22
Calculate the highest common factor of 56 and 10.
2
What is the highest common divisor of 9814 and 14?
14
What is the highest common divisor of 3654 and 378?
126
What is the greatest common divisor of 217 and 31?
31
What is the greatest common divisor of 34 and 14076?
34
Calculate the highest common divisor of 1 and 8.
1
What is the greatest common factor of 12 and 60?
12
Calculate the highest common divisor of 1335 and 30.
15
Calculate the highest common divisor of 110 and 264.
22
What is the greatest common divisor of 66 and 2046?
66
Calculate the highest common factor of 165 and 735.
15
Calculate the greatest common factor of 28 and 238.
14
What is the greatest common divisor of 28 and 28?
28
What is the highest common divisor of 280 and 112?
56
What is the highest common divisor of 11573 and 71?
71
Calculate the greatest common divisor of 256 and 160.
32
What is the greatest common factor of 1698 and 6?
6
Calculate the highest common factor of 324 and 1668.
12
What is the greatest common divisor of 154 and 2002?
154
What is the greatest common factor of 460 and 736?
92
Calculate the highest common divisor of 456 and 1748.
76
What is the highest common factor of 4743 and 51?
51
Calculate the greatest common factor of 25 and 4025.
25
Calculate the greatest common factor of 468 and 104.
52
Calculate the greatest common divisor of 165 and 120.
15
What is the highest common divisor of 471 and 2512?
157
Calculate the highest common factor of 8576 and 768.
128
What is the greatest common divisor of 141 and 329?
47
Calculate the greatest common factor of 44067 and 111.
111
What is the highest common factor of 884 and 312?
52
Calculate the greatest common factor of 592 and 740.
148
What is the highest common factor of 112 and 14?
14
What is the highest common factor of 5586 and 114?
114
Calculate the greatest common divisor of 14 and 338.
2
What is the greatest common factor of 408 and 270?
6
Calculate the greatest common divisor of 732 and 12.
12
What is the highest common divisor of 308 and 572?
44
What is the greatest common divisor of 60 and 210?
30
Calculate the highest common divisor of 12 and 198.
6
What is the highest common divisor of 37 and 111?
37
What is the greatest common factor of 952 and 280?
56
Calculate the highest common factor of 812 and 116.
116
What is the greatest common factor of 12 and 1500?
12
What is the highest common factor of 360 and 126?
18
Calculate the greatest common divisor of 203 and 377.
29
Calculate the highest common divisor of 2 and 566.
2
What is the greatest common factor of 5029 and 535?
107
What is the highest common divisor of 1054 and 1426?
62
Calculate the greatest common factor of 19 and 76.
19
What is the highest common divisor of 735 and 98?
49
What is